{"id":112,"date":"2020-08-21T11:42:50","date_gmt":"2020-08-21T09:42:50","guid":{"rendered":"https:\/\/pcmacsb.de\/?page_id=112"},"modified":"2026-02-08T18:58:27","modified_gmt":"2026-02-08T17:58:27","slug":"nextcloud-update-probleme-undfehler","status":"publish","type":"page","link":"https:\/\/pcmacb.de\/?page_id=112","title":{"rendered":"Nextcloud Update Probleme und Fehler"},"content":{"rendered":"\n<h2 class=\"wp-block-heading\">Upgrade manuell an der Konsole<\/h2>\n\n\n\n<ul class=\"wp-block-list\">\n<li>zun\u00e4chst immer in das Installationsverzeichnis wechseln oder<strong> komplette Pfadangaben<\/strong> benutzen<\/li>\n<\/ul>\n\n\n\n<pre class=\"wp-block-code\"><code>cd \/var\/www\/nextcloud\/\nsudo -u www-data php occ maintenance:mode --on<\/code><\/pre>\n\n\n\n<ul class=\"wp-block-list\">\n<li>pr\u00fcfen, ob neue Version verf\u00fcgbar ist<\/li>\n<\/ul>\n\n\n\n<pre class=\"wp-block-code\"><code>sudo -u www-data php occ update:check<\/code><\/pre>\n\n\n\n<ul class=\"wp-block-list\">\n<li>starten des Upgrades mit<\/li>\n<\/ul>\n\n\n\n<pre class=\"wp-block-code\"><code>cd updater\nsudo -u www-data php updater.phar<\/code><\/pre>\n\n\n\n<h2 class=\"wp-block-heading\">Fehlermeldungen nach Upgrade<\/h2>\n\n\n\n<ul class=\"wp-block-list\">\n<li>Wenn Fehlermeldungen wie &#8222;Fehlender Index \u201eproperties_path_index\u201c in der Tabelle \u201eoc_properties\u201c&#8220; in &#8222;Einstellungen &gt; \u00dcbersicht &gt;  Sicherheits- &amp; Einrichtungswarnungen&#8220; erscheinen,  auf der Server Konsole als root ins nextcloud Verzeichnis wechseln:<\/li>\n<\/ul>\n\n\n\n<pre class=\"wp-block-code\"><code>sudo -u www-data php occ db:add-missing-indices<\/code><\/pre>\n\n\n\n<h5 class=\"wp-block-heading\">Weitere Fehlermeldungen:<\/h5>\n\n\n\n<ul class=\"wp-block-list\">\n<li>irgendwas mit MIME&#8230;:<\/li>\n<\/ul>\n\n\n\n<pre class=\"wp-block-code\"><code>sudo -u www-data php \/var\/www\/nextcloud\/occ maintenance:repair --include-expensive<\/code><\/pre>\n\n\n\n<ul class=\"wp-block-list\">\n<li>fehlende Spalten &#8222;missing-columns&#8220;:<\/li>\n<\/ul>\n\n\n\n<pre class=\"wp-block-code\"><code>sudo -u www-data php occ db:add-missing-columns<\/code><\/pre>\n\n\n\n<ul class=\"wp-block-list\">\n<li>filecache_extended.fileid<\/li>\n<\/ul>\n\n\n\n<pre class=\"wp-block-code\"><code>sudo -u www-data php occ maintenance:mode --on\nsudo -u www-data php occ db:convert-filecache-bigint\nsudo -u www-data php occ maintenance:mode --off<\/code><\/pre>\n\n\n\n<ul class=\"wp-block-list\">\n<li>Fehlender Prim\u00e4rschl\u00fcssel auf Tabelle &#8222;oc_federated_reshares&#8220;.<\/li>\n<\/ul>\n\n\n\n<pre class=\"wp-block-code\"><code>sudo -u www-data php occ db:add-missing-primary-keys<\/code><\/pre>\n\n\n\n<ul class=\"wp-block-list\">\n<li>Ihr Webserver ist nicht richtig konfiguriert um &#8222;\/.well-known\/webfinger&#8220; oder &#8222;nodeinfo&#8220; aufzul\u00f6sen. Die Ningx Konfiguration muss folgenderma\u00dfen angepasst werden:<\/li>\n<\/ul>\n\n\n\n<pre class=\"wp-block-code\"><code>location = \/.well-known\/webfinger {\n          return 301 \/index.php$uri;\n        }\nlocation = \/.well-known\/nodeinfo {\n          return 301 \/index.php$uri;\n        }<\/code><\/pre>\n\n\n\n<ul class=\"wp-block-list\">\n<li>Standardtelefonregion in config.php eintragen<\/li>\n<\/ul>\n\n\n\n<pre class=\"wp-block-code\"><code>'default_phone_region' =&gt; 'DE',<\/code><\/pre>\n\n\n\n<h5 class=\"wp-block-heading\">Collabora Online &#8211; Built-in CODE Server Update scheitert mit Timeout<\/h5>\n\n\n\n<pre class=\"wp-block-code\"><code>\/usr\/bin\/sudo -u www-data php \/var\/www\/nextcloud\/occ app:update richdocumentscode<\/code><\/pre>\n\n\n\n<h2 class=\"wp-block-heading\">Cronjob einrichten<\/h2>\n\n\n\n<h5 class=\"wp-block-heading\">Nextcloud meckert wegen Cronjobs.<\/h5>\n\n\n\n<ul class=\"wp-block-list\">\n<li>In den Einstellungen-&gt;Grundeinstellungen &#8222;Cron&#8220; anklicken und auf dem Server:<\/li>\n<\/ul>\n\n\n\n<pre class=\"wp-block-code\"><code>root@server:\/# crontab -u www-data -e<\/code><\/pre>\n\n\n\n<pre class=\"wp-block-code\"><code># m h  dom mon dow   command\n*\/5 * * * * php -f \/var\/www\/nextcloud\/cron.php<\/code><\/pre>\n\n\n\n<h1 class=\"wp-block-heading\">allgemein<\/h1>\n\n\n\n<h3 class=\"wp-block-heading\">Nextcloud Link von der Login Seite entfernen<\/h3>\n\n\n\n<ul class=\"wp-block-list\">\n<li>in die config.php einf\u00fcgen:<\/li>\n<\/ul>\n\n\n\n<pre class=\"wp-block-code\"><code>'simpleSignUpLink.shown' =&gt; false,<\/code><\/pre>\n\n\n\n<h5 class=\"wp-block-heading\">Manueller Scan der Verzeichnisse nach neuen Dateien<\/h5>\n\n\n\n<pre class=\"wp-block-code\"><code>sudo -u www-data php \/usr\/share\/nginx\/nextcloud\/occ files:scan <em>benutzername<\/em> ODER --all<\/code><\/pre>\n\n\n\n<h5 class=\"wp-block-heading\">Collabora startet nicht oder es l\u00e4sst sich kein Update druchf\u00fchren<\/h5>\n\n\n\n<p>Mittlerweile synchronisiere ich Dokumente mit dem nextcloud-desktop-client und verwende LibreOffice in Kombination, weil sich die Nutzung von Collabora oder OnlyOffice &#8222;seltsam&#8220; verhalten und eine wirkliche Kollaboration zwischen Benutzern eher unzuverl\u00e4ssig ist. Davon abgesehen ist es oft schwierig, die passenden Umgebungen f\u00fcr Collabora anzupassen, die zum Betrieb n\u00f6tig sind. <\/p>\n\n\n\n<ul class=\"wp-block-list\">\n<li>als Admin anmelden und bei <em>settings\/admin\/richdocuments<\/em> und &#8222;Verwende Deinen eigenen Server&#8220; anklicken.<\/li>\n<\/ul>\n\n\n\n<ul class=\"wp-block-list\">\n<li>Beim Update von Collabora Online &#8211; Built-in CODE Server&#8216; kommt eine Time Out Fehlermeldung, weil der Download zu lange dauert.<\/li>\n<\/ul>\n\n\n\n<pre class=\"wp-block-code\"><code>root@machine:~# \/usr\/bin\/sudo -u www-data php \/var\/www\/nextcloud\/occ update:check\nUpdate for richdocumentscode to version x.x.xxx is available.\n1 update available\nroot@machine:~# \/usr\/bin\/sudo -u www-data php \/var\/www\/nextcloud\/occ app:update --all<\/code><\/pre>\n\n\n\n<h3 class=\"wp-block-heading\">Update h\u00e4ngt<\/h3>\n\n\n\n<pre class=\"wp-block-code\"><code>cd \/var\/www\/nextcloud\/data\/updater-oc2vpzufall80iio2v\/\nrm .step<\/code><\/pre>\n\n\n\n<h3 class=\"wp-block-heading\">CENTOS 7 spezial<\/h3>\n\n\n\n<ul class=\"wp-block-list\">\n<li>in CentOS ist der Web-Server Apache bevorzugt, der User &#8222;apache&#8220; und der Dienst hei\u00dft &#8222;httpd&#8220;:<\/li>\n<\/ul>\n\n\n\n<pre class=\"wp-block-code\"><code>sudo -u apache php \/var\/www\/nextcloud\/occ<\/code><\/pre>\n\n\n\n<h3 class=\"wp-block-heading\">Ihre Remote-Adresse wurde als xxx.xxx.xxx.xxx identifiziert und wird derzeit durch Bruteforce gedrosselt, was die Leistung verschiedener Anfragen verlangsamt.<\/h3>\n\n\n\n<p>das kommt gerne vor, wenn sich zu Testzwecken \u00f6fter angemeldet wird&#8230;<\/p>\n\n\n\n<pre class=\"wp-block-code\"><code>mysql -u root -p \nSHOW DATABASES;\nUSE nextcloud;\nDELETE FROM oc_bruteforce_attempts WHERE ip = 'xxx.xxx.xxx.xxx';\nexit;<\/code><\/pre>\n\n\n\n<p><\/p>\n","protected":false},"excerpt":{"rendered":"<p>Upgrade manuell an der Konsole Fehlermeldungen nach Upgrade Weitere Fehlermeldungen: Collabora Online &#8211; Built-in CODE Server Update scheitert mit Timeout Cronjob einrichten Nextcloud meckert wegen Cronjobs. allgemein Nextcloud Link von der Login Seite entfernen Manueller Scan der Verzeichnisse nach neuen <a class=\"more-link\" href=\"https:\/\/pcmacb.de\/?page_id=112\">weiterlesen&#8230;<\/a><\/p>\n","protected":false},"author":3,"featured_media":0,"parent":79,"menu_order":0,"comment_status":"closed","ping_status":"closed","template":"","meta":{"_lmt_disableupdate":"","_lmt_disable":"","footnotes":""},"class_list":["post-112","page","type-page","status-publish","hentry"],"_links":{"self":[{"href":"https:\/\/pcmacb.de\/index.php?rest_route=\/wp\/v2\/pages\/112","targetHints":{"allow":["GET"]}}],"collection":[{"href":"https:\/\/pcmacb.de\/index.php?rest_route=\/wp\/v2\/pages"}],"about":[{"href":"https:\/\/pcmacb.de\/index.php?rest_route=\/wp\/v2\/types\/page"}],"author":[{"embeddable":true,"href":"https:\/\/pcmacb.de\/index.php?rest_route=\/wp\/v2\/users\/3"}],"replies":[{"embeddable":true,"href":"https:\/\/pcmacb.de\/index.php?rest_route=%2Fwp%2Fv2%2Fcomments&post=112"}],"version-history":[{"count":38,"href":"https:\/\/pcmacb.de\/index.php?rest_route=\/wp\/v2\/pages\/112\/revisions"}],"predecessor-version":[{"id":1603,"href":"https:\/\/pcmacb.de\/index.php?rest_route=\/wp\/v2\/pages\/112\/revisions\/1603"}],"up":[{"embeddable":true,"href":"https:\/\/pcmacb.de\/index.php?rest_route=\/wp\/v2\/pages\/79"}],"wp:attachment":[{"href":"https:\/\/pcmacb.de\/index.php?rest_route=%2Fwp%2Fv2%2Fmedia&parent=112"}],"curies":[{"name":"wp","href":"https:\/\/api.w.org\/{rel}","templated":true}]}}