{"id":168,"date":"2020-08-24T14:49:17","date_gmt":"2020-08-24T12:49:17","guid":{"rendered":"https:\/\/pcmacsb.de\/?page_id=168"},"modified":"2023-07-01T18:46:59","modified_gmt":"2023-07-01T16:46:59","slug":"befehle-allgemein","status":"publish","type":"page","link":"https:\/\/pcmacb.de\/?page_id=168","title":{"rendered":"Konsolenbefehle"},"content":{"rendered":"\n<p>Eine Sammlung von Befehlen auf der Linux Konsole<\/p>\n\n\n\n<p class=\"has-text-color\" style=\"color:#3cbd09\"><strong>Achtung:<\/strong> Ich \u00fcbernehme keine Garantie f\u00fcr die Richtigkeit und Funktionalit\u00e4t der Befehle und Skripte auf dieser Seite! Sie m\u00fcssen den individuellen Umgebgungen angepasst werden, damit sie wie gew\u00fcnscht funktionieren k\u00f6nnen!<\/p>\n","protected":false},"excerpt":{"rendered":"<p>Eine Sammlung von Befehlen auf der Linux Konsole Achtung: Ich \u00fcbernehme keine Garantie f\u00fcr die Richtigkeit und Funktionalit\u00e4t der Befehle und Skripte auf dieser Seite! Sie m\u00fcssen den individuellen Umgebgungen angepasst werden, damit sie wie gew\u00fcnscht funktionieren k\u00f6nnen!<\/p>\n","protected":false},"author":3,"featured_media":0,"parent":0,"menu_order":0,"comment_status":"closed","ping_status":"closed","template":"","meta":{"_lmt_disableupdate":"","_lmt_disable":"","footnotes":""},"class_list":["post-168","page","type-page","status-publish","hentry"],"_links":{"self":[{"href":"https:\/\/pcmacb.de\/index.php?rest_route=\/wp\/v2\/pages\/168","targetHints":{"allow":["GET"]}}],"collection":[{"href":"https:\/\/pcmacb.de\/index.php?rest_route=\/wp\/v2\/pages"}],"about":[{"href":"https:\/\/pcmacb.de\/index.php?rest_route=\/wp\/v2\/types\/page"}],"author":[{"embeddable":true,"href":"https:\/\/pcmacb.de\/index.php?rest_route=\/wp\/v2\/users\/3"}],"replies":[{"embeddable":true,"href":"https:\/\/pcmacb.de\/index.php?rest_route=%2Fwp%2Fv2%2Fcomments&post=168"}],"version-history":[{"count":9,"href":"https:\/\/pcmacb.de\/index.php?rest_route=\/wp\/v2\/pages\/168\/revisions"}],"predecessor-version":[{"id":799,"href":"https:\/\/pcmacb.de\/index.php?rest_route=\/wp\/v2\/pages\/168\/revisions\/799"}],"wp:attachment":[{"href":"https:\/\/pcmacb.de\/index.php?rest_route=%2Fwp%2Fv2%2Fmedia&parent=168"}],"curies":[{"name":"wp","href":"https:\/\/api.w.org\/{rel}","templated":true}]}}