{"id":714,"date":"2023-05-26T07:27:58","date_gmt":"2023-05-26T05:27:58","guid":{"rendered":"https:\/\/pcmacb.de\/?page_id=714"},"modified":"2023-07-22T09:03:02","modified_gmt":"2023-07-22T07:03:02","slug":"rocky-linux","status":"publish","type":"page","link":"https:\/\/pcmacb.de\/?page_id=714","title":{"rendered":"Rocky Linux"},"content":{"rendered":"\n<p>Ein &#8222;Nachfolger&#8220; von CENTOS. Hier muss mittlerweile erw\u00e4hnt werden, dass IBM nach dem Kauf von Red Hat Linux den Quellcode von RHEL nicht mehr frei zug\u00e4nglich macht und m\u00f6glicherweise Projekte wie Rocky oder Alma Linux k\u00fcnftig eingestellt werden m\u00fcssen. OpenSUSE hat mittlerweile angek\u00fcndigt, eine Quelloffene Alternative anzubieten (Stand 07.2023).<\/p>\n\n\n\n<h4 class=\"wp-block-heading\">PHP<\/h4>\n\n\n\n<pre class=\"wp-block-code\"><code>dnf module list|grep php\ndnf repolist\ndnf module reset php -y\ndnf module install php:remi-8.2\ndnf -y install php<\/code><\/pre>\n\n\n\n<h4 class=\"wp-block-heading\">Nextcloud update<\/h4>\n\n\n\n<pre class=\"wp-block-code has-small-font-size\"><code>cd \/usr\/share\/nginx\/nextcloud\/\n\nsudo -u nginx php \/usr\/share\/nginx\/nextcloud\/occ update:check\n\ncd \/usr\/share\/nginx\/nextcloud\/updater\/\n\nsudo -u nginx php \/usr\/share\/nginx\/nextcloud\/updater\/updater.phar<\/code><\/pre>\n","protected":false},"excerpt":{"rendered":"<p>Ein &#8222;Nachfolger&#8220; von CENTOS. Hier muss mittlerweile erw\u00e4hnt werden, dass IBM nach dem Kauf von Red Hat Linux den Quellcode von RHEL nicht mehr frei zug\u00e4nglich macht und m\u00f6glicherweise Projekte wie Rocky oder Alma Linux k\u00fcnftig eingestellt werden m\u00fcssen. OpenSUSE <a class=\"more-link\" href=\"https:\/\/pcmacb.de\/?page_id=714\">weiterlesen&#8230;<\/a><\/p>\n","protected":false},"author":3,"featured_media":0,"parent":0,"menu_order":0,"comment_status":"closed","ping_status":"closed","template":"","meta":{"_lmt_disableupdate":"","_lmt_disable":"","footnotes":""},"class_list":["post-714","page","type-page","status-publish","hentry"],"_links":{"self":[{"href":"https:\/\/pcmacb.de\/index.php?rest_route=\/wp\/v2\/pages\/714","targetHints":{"allow":["GET"]}}],"collection":[{"href":"https:\/\/pcmacb.de\/index.php?rest_route=\/wp\/v2\/pages"}],"about":[{"href":"https:\/\/pcmacb.de\/index.php?rest_route=\/wp\/v2\/types\/page"}],"author":[{"embeddable":true,"href":"https:\/\/pcmacb.de\/index.php?rest_route=\/wp\/v2\/users\/3"}],"replies":[{"embeddable":true,"href":"https:\/\/pcmacb.de\/index.php?rest_route=%2Fwp%2Fv2%2Fcomments&post=714"}],"version-history":[{"count":7,"href":"https:\/\/pcmacb.de\/index.php?rest_route=\/wp\/v2\/pages\/714\/revisions"}],"predecessor-version":[{"id":891,"href":"https:\/\/pcmacb.de\/index.php?rest_route=\/wp\/v2\/pages\/714\/revisions\/891"}],"wp:attachment":[{"href":"https:\/\/pcmacb.de\/index.php?rest_route=%2Fwp%2Fv2%2Fmedia&parent=714"}],"curies":[{"name":"wp","href":"https:\/\/api.w.org\/{rel}","templated":true}]}}