{"id":75,"date":"2020-08-03T15:13:09","date_gmt":"2020-08-03T13:13:09","guid":{"rendered":"https:\/\/pcmacsb.de\/?page_id=75"},"modified":"2026-01-31T11:06:45","modified_gmt":"2026-01-31T10:06:45","slug":"dienst-am-pc","status":"publish","type":"page","link":"https:\/\/pcmacb.de\/","title":{"rendered":"Dienst am PC \u00fcber 20 Jahre"},"content":{"rendered":"\n<p>Ich habe den Betrieb zu Beginn 2024 eingestellt und <strong>das Gewerbe abgemeldet<\/strong>.<\/p>\n\n\n\n<p>\u00dcber 20 Jahre habe ich Gesch\u00e4fts- und Privatkunden mit kleinen oder gro\u00dfen Netzwerken betreut. Das ist Festanstellungen gewichen.<\/p>\n\n\n\n<p>Umso besser kann ich mich Dank Wegfallens b\u00fcrokratischer Aufw\u00e4nde der Dokumentation aller ernsthaften Spielereien der Computerwelt widmen.<br>Die Einrichtung von Netzwerken und der Aufbau von Server-Strukturen geh\u00f6rt nach wie vor zu meinen Lieblingsbesch\u00e4ftigungen. Diskussionen und Beratungen zu allen Themen, die mit Computer, Installation und Wartung von Windows, MacOS oder Linux-Distributionen zu tun haben, finden aber nur noch in privatem Rahmen statt.<\/p>\n\n\n\n<h6 class=\"wp-block-heading\">L\u00f6sung von Problemen mit Installation, Einrichtung und Bedienung von Software geh\u00f6rt zu meinen Hauptaufgaben.<\/h6>\n\n\n\n<p>Das ist problemlos durch Fernwartung m\u00f6glich, mit <a href=\"https:\/\/rustdesk.com\/\" target=\"_blank\" rel=\"noreferrer noopener\">Rustdesk<\/a> oder <a href=\"https:\/\/anydesk.com\/\" target=\"_blank\" rel=\"noreferrer noopener\">AnyDesk<\/a> l\u00e4sst sich jedes g\u00e4ngige Betriebssystem von au\u00dfen vollst\u00e4ndig fernwarten.<\/p>\n\n\n\n<h3 class=\"wp-block-heading\">Wissen f\u00fcr alle<\/h3>\n\n\n\n<p>Diese selbstgehostete WordPress Seite soll als Wissensspeicher f\u00fcr alle dienen.<br>Ich arbeite gerne mit <a href=\"https:\/\/www.opensuse.org\/\" target=\"_blank\" rel=\"noreferrer noopener\">openSUSE<\/a>, <a href=\"https:\/\/www.debian.org\/index.de.html\" target=\"_blank\" rel=\"noreferrer noopener\">Debian<\/a> und sehr gerne mit <a href=\"http:\/\/devuan.org\/\" target=\"_blank\" rel=\"noreferrer noopener\">Devuan<\/a> und <a href=\"https:\/\/mxlinux.org\/\" data-type=\"URL\" data-id=\"https:\/\/mxlinux.org\/\" target=\"_blank\" rel=\"noreferrer noopener\">MX-Linux<\/a>, weil dort das alte, ressourcenschonende <a href=\"https:\/\/de.wikipedia.org\/wiki\/SysVinit\" target=\"_blank\" rel=\"noreferrer noopener\">SysVinit<\/a> erhalten geblieben ist. Damit laufen insbesondere virtuelle Maschinen und alte Computer schnell und stabil. Die Aktualisierung dieses Wissensspeichers halte ich weiterhin aufrecht.<\/p>\n\n\n\n<h3 class=\"wp-block-heading\">Apropos alt<\/h3>\n\n\n\n<p>Laut Angaben des <a href=\"https:\/\/www.destatis.de\/DE\/Presse\/Pressemitteilungen\/Zahl-der-Woche\/2025\/PD25_41_p002.html?templateQueryString=elektroschrott\" target=\"_blank\" rel=\"noreferrer noopener\">Statistischen Bundesamts<\/a> fallen allein heirzulande j\u00e4hrlich 900000 Tonnen Elektroschrott an (Stand 2025). Der gr\u00f6\u00dfte Teil davon verseucht weltweit Landstriche und vergiftet Tiere und Menschen mit Chemikalien und Schwermetallen.<br>Einen Teil des ausrangierten &#8222;Schrotts&#8220; hebe ich auf, um langfristig alte Computer reparieren zu k\u00f6nnen. Was partout nicht mehr zu gebrauchen ist, versuche ich nachvollziehbar in den lokalen Recycling Verkehr zu verbringen.<\/p>\n\n\n\n<h1 class=\"wp-block-heading\">Wichtig!<\/h1>\n\n\n\n<p class=\"has-text-color\" style=\"color:#b3d883\"><strong>Achtung<\/strong>: Alle Konsolen Befehle und Skripte auf dieser Seite sind meinen jeweiligen Probleml\u00f6sungen geschuldet und k\u00f6nnen nicht eins zu eins \u00fcbernommen werden, sondern m\u00fcssen individuellen Bed\u00fcrfnissen und Umgebungen angepasst werden, damit sie wie gew\u00fcnscht funktionieren k\u00f6nnen! Ferner stelle ich manchmal Bez\u00fcge her, die hier noch nicht dokumentiert sind. Das passiert bestimmt noch!<br>Zudem sind die Beitr\u00e4ge schon sehr alt und ich versehe sie nicht mit dem Datum des Erstellens. Es sei darauf hingewiesen, dass viele Befehle und L\u00f6sungen heutzutage keine G\u00fcltigkeit mehr haben.<\/p>\n","protected":false},"excerpt":{"rendered":"<p>Ich habe den Betrieb zu Beginn 2024 eingestellt und das Gewerbe abgemeldet. \u00dcber 20 Jahre habe ich Gesch\u00e4fts- und Privatkunden mit kleinen oder gro\u00dfen Netzwerken betreut. Das ist Festanstellungen gewichen. Umso besser kann ich mich Dank Wegfallens b\u00fcrokratischer Aufw\u00e4nde der <a class=\"more-link\" href=\"https:\/\/pcmacb.de\/\">weiterlesen&#8230;<\/a><\/p>\n","protected":false},"author":3,"featured_media":0,"parent":0,"menu_order":0,"comment_status":"closed","ping_status":"closed","template":"","meta":{"_lmt_disableupdate":"","_lmt_disable":"","footnotes":""},"class_list":["post-75","page","type-page","status-publish","hentry"],"_links":{"self":[{"href":"https:\/\/pcmacb.de\/index.php?rest_route=\/wp\/v2\/pages\/75","targetHints":{"allow":["GET"]}}],"collection":[{"href":"https:\/\/pcmacb.de\/index.php?rest_route=\/wp\/v2\/pages"}],"about":[{"href":"https:\/\/pcmacb.de\/index.php?rest_route=\/wp\/v2\/types\/page"}],"author":[{"embeddable":true,"href":"https:\/\/pcmacb.de\/index.php?rest_route=\/wp\/v2\/users\/3"}],"replies":[{"embeddable":true,"href":"https:\/\/pcmacb.de\/index.php?rest_route=%2Fwp%2Fv2%2Fcomments&post=75"}],"version-history":[{"count":57,"href":"https:\/\/pcmacb.de\/index.php?rest_route=\/wp\/v2\/pages\/75\/revisions"}],"predecessor-version":[{"id":1599,"href":"https:\/\/pcmacb.de\/index.php?rest_route=\/wp\/v2\/pages\/75\/revisions\/1599"}],"wp:attachment":[{"href":"https:\/\/pcmacb.de\/index.php?rest_route=%2Fwp%2Fv2%2Fmedia&parent=75"}],"curies":[{"name":"wp","href":"https:\/\/api.w.org\/{rel}","templated":true}]}}